he thousands digit of 115830?
5
What is the tens digit of 301528?
2
What is the units digit of 125735?
5
What is the units digit of 5002268?
8
What is the tens digit of 434340?
4
What is the thousands digit of 2123192?
3
What is the ten thousands digit of 20123226?
2
What is the tens digit of 7439516?
1
What is the tens digit of 1164571?
7
What is the hundred thousands digit of 5047837?
0
What is the tens digit of 5553?
5
What is the units digit of 30404?
4
What is the units digit of 9796032?
2
What is the hundred thousands digit of 1181089?
1
What is the millions digit of 15636827?
5
What is the ten thousands digit of 4148589?
4
What is the hundreds digit of 510266?
2
What is the thousands digit of 8963966?
3
What is the hundreds digit of 2618508?
5
What is the tens digit of 63686?
8
What is the hundred thousands digit of 5721597?
7
What is the tens digit of 40584?
8
What is the hundreds digit of 1532324?
3
What is the tens digit of 523975?
7
What is the units digit of 907193?
3
What is the ten thousands digit of 4373447?
7
What is the ten thousands digit of 86659?
8
What is the ten millions digit of 17249372?
1
What is the tens digit of 9381385?
8
What is the units digit of 295223?
3
What is the hundreds digit of 829267?
2
What is the hundreds digit of 220174?
1
What is the thousands digit of 228106?
8
What is the units digit of 480411?
1
What is the hundreds digit of 496608?
6
What is the thousands digit of 6677435?
7
What is the thousands digit of 723658?
3
What is the ten millions digit of 10296213?
1
What is the ten thousands digit of 3040587?
4
What is the tens digit of 693839?
3
What is the units digit of 7173274?
4
What is the ten millions digit of 12372713?
1
What is the ten thousands digit of 1822457?
2
What is the thousands digit of 300699?
0
What is the thousands digit of 22546509?
6
What is the ten thousands digit of 1668065?
6
What is the units digit of 2578146?
6
What is the ten thousands digit of 70215?
7
What is the hundred thousands digit of 223368?
2
What is the hundred thousands digit of 344911?
3
What is the hundreds digit of 533839?
8
What is the tens digit of 479722?
2
What is the thousands digit of 3727675?
7
What is the tens digit of 266335?
3
What is the tens digit of 822258?
5
What is the thousands digit of 1221854?
1
What is the hundred thousands digit of 158501?
1
What is the thousands digit of 1420606?
0
What is the hundreds digit of 253004?
0
What is the ten thousands digit of 758559?
5
What is the millions digit of 1075517?
1
What is the thousands digit of 37942?
7
What is the units digit of 316598?
8
What is the hundred thousands digit of 333356?
3
What is the ten thousands digit of 376023?
7
What is the tens digit of 1182971?
7
What is the units digit of 2601456?
6
What is the thousands digit of 1670516?
0
What is the hundred thousands digit of 185615?
1
What is the hundred thousands digit of 155086?
1
What is the hundreds digit of 166054?
0
What is the tens digit of 9188447?
4
What is the millions digit of 2634617?
2
What is the hundreds digit of 681125?
1
What is the tens digit of 10708888?
8
What is the hundreds digit of 14454947?
9
What is the thousands digit of 21706619?
6
What is the thousands digit of 915018?
5
What is the ten thousands digit of 760997?
6
What is the tens digit of 1220960?
6
What is the thousands digit of 7605590?
5
What is the hundreds digit of 127050?
0
What is the ten millions digit of 40511830?
4
What is the millions digit of 1157032?
1
What is the hundreds digit of 24489?
4
What is the hundreds digit of 189870?
8
What is the units digit of 3544884?
4
What is the hundred thousands digit of 11157796?
1
What is the units digit of 444859?
9
What is the millions digit of 1840950?
1
What is the ten thousands digit of 6604041?
0
What is the hundreds digit of 1729459?
4
What is the hundred thousands digit of 448899?
4
What is the units digit of 3049678?
8
What is the hundreds digit of 831454?
4
What is the tens digit of 1773531?
3
What is the ten thousands digit of 347244?
4
What is the hundred thousands digit of 149884?
1
What is the tens digit of 316575?
7
What is the units digit of 128322?
2
What is the ten thousands digit of 3602844?
0
What is the hundred thousands digit of 2867614?
8
What is the ten thousands digit of 14800446?
0
What is the tens digit of 135035?
3
What is the thousands digit of 268342?
8
What is the ten thousands digit of 1003424?
0
What is the thousands digit of 3661763?
1
What is the units digit of 11319003?
3
What is the units digit of 3376482?
2
What is the units digit of 39599690?
0
What is the tens digit of 173837?
3
What is the hundred thousands digit of 2481979?
4
What is the hundred thousands digit of 133356?
1
What is the hundreds digit of 11927596?
5
What is the tens digit of 884068?
6
What is the thousands digit of 581116?
1
What is the units digit of 11951814?
4
What is the thousands digit of 649540?
9
What is the thousands digit of 297056?
7
What is the ten thousands digit of 150300?
5
What is the hundreds digit of 4331086?
0
What is the tens digit of 28203829?
2
What is the hundreds digit of 244529?
5
What is the ten thousands digit of 404027?
0
What is the ten thousands digit of 103678?
0
What is the ten thousands digit of 9000993?
0
What is the ten thousands digit of 2022856?
2
What is the hundred thousands digit of 4795053?
7
What is the tens digit of 5173388?
8
What is the ten millions digit of 41787631?
4
What is the ten thousands digit of 30780478?
8
What is the units digit of 673274?
4
What is the hundreds digit of 165889?
8
What is the ten thousands digit of 635226?
3
What is the hundreds digit of 760490?
4
What is the units digit of 7864678?
8
What is the hundreds digit of 355235?
2
What is the tens digit of 762410?
1
What is the tens digit of 563063?
6
What is the units digit of 274827?
7
What is the thousands digit of 1186126?
6
What is the hundred thousands digit of 24044972?
0
What is the hundred thousands digit of 1013621?
0
What is the ten thousands digit of 179116?
7
What is the hundred thousands digit of 258843?
2
What is the tens digit of 19813583?
8
What is the thousands digit of 339657?
9
What is the hundreds digit of 300490?
4
What is the ten thousands digit of 965289?
6
What is the hundreds digit of 380869?
8
What is the millions digit of 1842169?
1
What is the millions digit of 1339622?
1
What is the hundred thousands digit of 1018164?
0
What is the hundreds digit of 1300843?
8
What is the hundred thousands digit of 4204427?
2
What is the ten thousands digit of 6054046?
5
What is the tens digit of 1558470?
7
What is the ten thousands digit of 814506?
1
What is the hundreds digit of 25272318?
3
What is the thousands digit of 4291386?
1
What is the hundred thousands digit of 6925431?
9
What is the tens digit of 17121500?
0
What is the units digit of 6329714?
4
What is the hundred thousands digit of 105819?
1
What is the units digit of 403576?
6
What is the tens digit of 296719?
1
What is the tens digit of 48544?
4
What is the hundred thousands digit of 873110?
8
What is the ten thousands digit of 39941?
3
What is the ten millions digit of 10438453?
1
What is the units digit of 3008165?
5
What is the ten millions digit of 11380045?
1
What is the tens digit of 207408?
0
What is the millions digit of 1913663?
1
What is the thousands digit of 38204?
8
What is the units digit of 228483?
3
What is the hundred thousands digit of 126322?
1
What is the millions digit of 17296043?
7
What is the ten thousands digit of 44726?
4
What is the millions digit of 1088537?
1
What is the millions digit of 7425168?
7
What is the hundred thousands digit of 5904683?
9
What is the units digit of 56742?
2
What is the thousands digit of 57679?
7
What is the hundreds digit of 278042?
0
What is the hundred thousands digit of 238614?
2
What is the thousands digit of 3264090?
4
What is the units digit of 540636?
6
What is the hundred thousands digit of 1496042?
4
What is the thousands digit of 668017?
8
What is the hundred thousands digit of 441648?
4
What is the hundred thousands digit of 359229?
3
What is the hundreds digit of 126083?
0
What is the thousands digit of 111475?
1
What is the ten thousands digit of 134670?
3
What is the tens digit of 454148